{"id":39,"date":"2012-04-17T21:54:14","date_gmt":"2012-04-17T19:54:14","guid":{"rendered":"http:\/\/larzzon.net\/?page_id=39"},"modified":"2012-05-09T22:11:49","modified_gmt":"2012-05-09T20:11:49","slug":"vendela","status":"publish","type":"page","link":"https:\/\/larzzon.net\/?page_id=39","title":{"rendered":"Vendela Tressfeldt"},"content":{"rendered":"<p>Med l\u00e5ng brunt h\u00e5r och en Mullberryv\u00e4ska st\u00e5r Vendela och v\u00e4ntar p\u00e5 mig i PUB huset. Vi best\u00e4ller och s\u00e4tter oss ned i det n\u00e4stan fullsatta caf\u00e9et.<\/p>\n<p>Vendela ber\u00e4ttar att det \u00e4r f\u00f6rsta g\u00e5ngen hon g\u00f6r en live intervju. N\u00e4r vi sedan b\u00f6rjar intervjun \u00e4r det en sak som sl\u00e5r mig, den h\u00e4r tjejen bara g\u00e5r i nionde klass men jag m\u00e4rker inte alls n\u00e5gon skillnad p\u00e5 v\u00e5ra tre \u00e5r. Vendela \u00e4r trevlig, mogen och otroligt gullig.<\/p>\n<p>Jag blir h\u00e4pnad n\u00e4r hon s\u00e4ger att hon startade \u201dJustvendela\u201d som hennes blogg heter n\u00e4r hon var 13 \u00e5r, och att det inte ens var hennes allra f\u00f6rsta blogg. Bloggen startades mest p\u00e5 skoj. \u00a0Men hon gillar att vara kreativ, inspirera och visa sin stil. Till\u00a0en b\u00f6rjan var det mer vardag i den, nu \u00e4r Vendelas blogg en renodlad modeblogg. Bloggen har f\u00f6r\u00e4ndrat hennes vardag, nu t\u00e4nker hon p\u00e5 bloggen och att ta outfitbilder och annat.<\/p>\n<p>Vendelas blogg har mestadels bara f\u00e5tt positiv respons och positiva kommentarer. Dock s\u00e5 blir det l\u00e4tt att fokusera p\u00e5 det negativa man ocks\u00e5 f\u00e5r ist\u00e4llet f\u00f6r allt det bra. Sj\u00e4lvf\u00f6rtroendet f\u00e5r sig en t\u00f6rn. Det klassiska att \u201d\u00c4ven om man f\u00e5r h\u00f6ra hundra bra saker och en d\u00e5lig \u00e4r det den d\u00e5liga som fastnar\u201d \u00e4r n\u00e5got vi pratar om. Vendela ber\u00e4ttar att bara f\u00f6r att hon \u00e4r smal f\u00e5r hon mycket kommentarer om det.<\/p>\n<p>I framtiden vill Vendela bli n\u00e5got inom modev\u00e4rlden. Hon t\u00e4nker forts\u00e4tta blogga, och hoppas p\u00e5 att sin blogg kan vara en hj\u00e4lp p\u00e5 traven i den h\u00e5rda konkurrensen.\u00a0 Hon planerar \u00e4ven att s\u00f6ka ett stylistgymnasium i Nacka till h\u00f6sten. P\u00e5 det gymnasiet f\u00e5r man l\u00e4ra sig det mesta om h\u00e5r, kl\u00e4der och make. Man f\u00e5r \u00e4ven praktisera, vilket \u00e4r bra.<\/p>\n<p>Vi g\u00e5r vidare till att prata om p\u00e5verkan och att bli p\u00e5verkad. Hon tror bloggare har stort inflytande, att de \u00e4r bra reklam f\u00f6r kl\u00e4dm\u00e4rken och f\u00f6retag. Det blir s\u00e5klart att de blir lite reklampelare, modet och kl\u00e4derna \u00e4r det som st\u00e5r i centrum men s\u00e5klart blir man \u00e4ven nyfiken p\u00e5 personen s\u00e4ger hon.<\/p>\n<p>Det h\u00e4r med erbjudanden som bloggare f\u00e5r har \u00e4ven Vendela vart med om. H\u00e4r i dagarna har hon tex. lottat ut ett presentkort till sina l\u00e4sare. S\u00e5dant \u00e4r roligt tycker hon. Men man m\u00e5ste ocks\u00e5 gilla produkten man lottar ut eller f\u00f6rs\u00f6ker g\u00f6ra reklam f\u00f6r.<\/p>\n<p>Framtiden f\u00f6r sociala medier \u00e4r lite skilda. Facebook g\u00e5r ner, medan bloggarnas status st\u00e5r kvar d\u00e4r den \u00e4r. Vi pratar om \u201dBloggv\u00e5gen som kom\u201d, Vendela tror att den v\u00e5gen inte blir st\u00f6rre \u00e4n den var just d\u00e5 f\u00f6r n\u00e5gra \u00e5r sedan, och h\u00e5ller sig just s\u00e5h\u00e4r stor som den \u00e4r just nu. Twitter och Instagram \u00e4r d\u00e4remot p\u00e5 v\u00e4g upp\u00e5t. B\u00e5de de medierna \u00e4r snabba, enkla och man beh\u00f6ver bara en smartphone. Twitter har redan m\u00e5nga k\u00e4ndisar, man kan b\u00e5de blanda in vardag och mode d\u00e4r. Annars pratar vi ocks\u00e5 lite om weheartit som inspirationsk\u00e4lla.<\/p>\n<p>Efter intervjun g\u00e5r jag och Vendela och tar den snyggaste soffa vi hittar, d\u00e4refter \u00e4r tanken att vi ska ta en bild. Men min annars s\u00e5 proffsiga systemkamera vill inte fungera. Paniken sprider sig lite sm\u00e5tt. Vendela h\u00e5ller lugnet medan jag b\u00f6rjar sm\u00e5svettas lite. Vi l\u00f6ser det tillslut med min iphone. Vendela skrattar och jag andas ut.<\/p>\n<p>Sedan kramar jag Vendela hejd\u00e5 och \u00f6nskar henne lycka till hos fris\u00f6ren.<\/p>\n","protected":false},"excerpt":{"rendered":"<p>Med l\u00e5ng brunt h\u00e5r och en Mullberryv\u00e4ska st\u00e5r Vendela och v\u00e4ntar p\u00e5 mig i PUB huset. Vi best\u00e4ller och s\u00e4tter oss ned i det n\u00e4stan fullsatta caf\u00e9et. Vendela ber\u00e4ttar att det \u00e4r f\u00f6rsta g\u00e5ngen hon g\u00f6r en live intervju. N\u00e4r &hellip; <a href=\"https:\/\/larzzon.net\/?page_id=39\">Continue reading <span class=\"meta-nav\">&rarr;<\/span><\/a><\/p>\n","protected":false},"author":1,"featured_media":0,"parent":14,"menu_order":0,"comment_status":"closed","ping_status":"closed","template":"","meta":[],"_links":{"self":[{"href":"https:\/\/larzzon.net\/index.php?rest_route=\/wp\/v2\/pages\/39"}],"collection":[{"href":"https:\/\/larzzon.net\/index.php?rest_route=\/wp\/v2\/pages"}],"about":[{"href":"https:\/\/larzzon.net\/index.php?rest_route=\/wp\/v2\/types\/page"}],"author":[{"embeddable":true,"href":"https:\/\/larzzon.net\/index.php?rest_route=\/wp\/v2\/users\/1"}],"replies":[{"embeddable":true,"href":"https:\/\/larzzon.net\/index.php?rest_route=%2Fwp%2Fv2%2Fcomments&post=39"}],"version-history":[{"count":6,"href":"https:\/\/larzzon.net\/index.php?rest_route=\/wp\/v2\/pages\/39\/revisions"}],"predecessor-version":[{"id":126,"href":"https:\/\/larzzon.net\/index.php?rest_route=\/wp\/v2\/pages\/39\/revisions\/126"}],"up":[{"embeddable":true,"href":"https:\/\/larzzon.net\/index.php?rest_route=\/wp\/v2\/pages\/14"}],"wp:attachment":[{"href":"https:\/\/larzzon.net\/index.php?rest_route=%2Fwp%2Fv2%2Fmedia&parent=39"}],"curies":[{"name":"wp","href":"https:\/\/api.w.org\/{rel}","templated":true}]}}